{"id":62856,"date":"2021-06-27T20:29:45","date_gmt":"2021-06-27T18:29:45","guid":{"rendered":"https:\/\/www.vinzenzmeier.ch\/?page_id=62856"},"modified":"2023-03-30T15:19:53","modified_gmt":"2023-03-30T13:19:53","slug":"materiel-de-travail","status":"publish","type":"page","link":"https:\/\/www.vinzenzmeier.ch\/fr\/assortiment\/materiel-de-travail\/","title":{"rendered":"Mat\u00e9riel de travail"},"content":{"rendered":"<p>Mat\u00e9riel de travail Mat\u00e9riel de travail et articles lifestyle: chez Vinzenz Meier, tu trouves tout sous un m\u00eame toit. Compos\u00e9 pour les professionnels, notre assortiment comprend des accessoires pour l\u2019artisanat cr\u00e9atif et les besoins des fleuristes: fils d\u00e9coratifs et de bobinage, mousse florale de toutes sortes, consommables, emballages d\u00e9coratifs, mat\u00e9riel auxiliaire utile en de nombreuses\u2026<\/p>\n","protected":false},"excerpt":{"rendered":"<p>Mat\u00e9riel de travail Mat\u00e9riel de travail et articles lifestyle: chez Vinzenz Meier, tu trouves tout sous un m\u00eame toit. Compos\u00e9 pour les professionnels, notre assortiment comprend des accessoires pour l\u2019artisanat cr\u00e9atif et les besoins des fleuristes: fils d\u00e9coratifs et de bobinage, mousse florale de toutes sortes, consommables, emballages d\u00e9coratifs, mat\u00e9riel auxiliaire utile en de nombreuses\u2026<\/p>\n","protected":false},"author":1,"featured_media":0,"parent":62851,"menu_order":0,"comment_status":"closed","ping_status":"closed","template":"template-pages\/template-sortiment-child.php","meta":{"_acf_changed":false,"footnotes":""},"class_list":["post-62856","page","type-page","status-publish","hentry"],"acf":[],"yoast_head":"<!-- This site is optimized with the Yoast SEO plugin v27.3 - https:\/\/yoast.com\/product\/yoast-seo-wordpress\/ -->\n<title>Mat\u00e9riel de travail - chez Vinzenz Meier, vous avez tout<\/title>\n<meta name=\"description\" content=\"Dans cet assortiment, vous trouverez des accessoires pour l&#039;artisanat cr\u00e9atif et des fournitures pour fleuristes.\" \/>\n<meta name=\"robots\" content=\"index, follow, max-snippet:-1, max-image-preview:large, max-video-preview:-1\" \/>\n<link rel=\"canonical\" href=\"https:\/\/www.vinzenzmeier.ch\/fr\/assortiment\/materiel-de-travail\/\" \/>\n<meta property=\"og:locale\" content=\"fr_FR\" \/>\n<meta property=\"og:type\" content=\"article\" \/>\n<meta property=\"og:title\" content=\"Mat\u00e9riel de travail - chez Vinzenz Meier, vous avez tout\" \/>\n<meta property=\"og:description\" content=\"Dans cet assortiment, vous trouverez des accessoires pour l&#039;artisanat cr\u00e9atif et des fournitures pour fleuristes.\" \/>\n<meta property=\"og:url\" content=\"https:\/\/www.vinzenzmeier.ch\/fr\/assortiment\/materiel-de-travail\/\" \/>\n<meta property=\"og:site_name\" content=\"Vinzenz Meier\" \/>\n<meta property=\"article:modified_time\" content=\"2023-03-30T13:19:53+00:00\" \/>\n<meta name=\"twitter:card\" content=\"summary_large_image\" \/>\n<meta name=\"twitter:label1\" content=\"Dur\u00e9e de lecture estim\u00e9e\" \/>\n\t<meta name=\"twitter:data1\" content=\"1 minute\" \/>\n<script type=\"application\/ld+json\" class=\"yoast-schema-graph\">{\"@context\":\"https:\\\/\\\/schema.org\",\"@graph\":[{\"@type\":\"WebPage\",\"@id\":\"https:\\\/\\\/www.vinzenzmeier.ch\\\/fr\\\/assortiment\\\/materiel-de-travail\\\/\",\"url\":\"https:\\\/\\\/www.vinzenzmeier.ch\\\/fr\\\/assortiment\\\/materiel-de-travail\\\/\",\"name\":\"Mat\u00e9riel de travail - chez Vinzenz Meier, vous avez tout\",\"isPartOf\":{\"@id\":\"https:\\\/\\\/www.vinzenzmeier.ch\\\/#website\"},\"datePublished\":\"2021-06-27T18:29:45+00:00\",\"dateModified\":\"2023-03-30T13:19:53+00:00\",\"description\":\"Dans cet assortiment, vous trouverez des accessoires pour l'artisanat cr\u00e9atif et des fournitures pour fleuristes.\",\"breadcrumb\":{\"@id\":\"https:\\\/\\\/www.vinzenzmeier.ch\\\/fr\\\/assortiment\\\/materiel-de-travail\\\/#breadcrumb\"},\"inLanguage\":\"fr-FR\",\"potentialAction\":[{\"@type\":\"ReadAction\",\"target\":[\"https:\\\/\\\/www.vinzenzmeier.ch\\\/fr\\\/assortiment\\\/materiel-de-travail\\\/\"]}]},{\"@type\":\"BreadcrumbList\",\"@id\":\"https:\\\/\\\/www.vinzenzmeier.ch\\\/fr\\\/assortiment\\\/materiel-de-travail\\\/#breadcrumb\",\"itemListElement\":[{\"@type\":\"ListItem\",\"position\":1,\"name\":\"Startseite\",\"item\":\"https:\\\/\\\/www.vinzenzmeier.ch\\\/fr\\\/\"},{\"@type\":\"ListItem\",\"position\":2,\"name\":\"Assortiment\",\"item\":\"https:\\\/\\\/www.vinzenzmeier.ch\\\/fr\\\/assortiment\\\/\"},{\"@type\":\"ListItem\",\"position\":3,\"name\":\"Mat\u00e9riel de travail\"}]},{\"@type\":\"WebSite\",\"@id\":\"https:\\\/\\\/www.vinzenzmeier.ch\\\/#website\",\"url\":\"https:\\\/\\\/www.vinzenzmeier.ch\\\/\",\"name\":\"Vinzenz Meier\",\"description\":\"\",\"publisher\":{\"@id\":\"https:\\\/\\\/www.vinzenzmeier.ch\\\/#organization\"},\"potentialAction\":[{\"@type\":\"SearchAction\",\"target\":{\"@type\":\"EntryPoint\",\"urlTemplate\":\"https:\\\/\\\/www.vinzenzmeier.ch\\\/?s={search_term_string}\"},\"query-input\":{\"@type\":\"PropertyValueSpecification\",\"valueRequired\":true,\"valueName\":\"search_term_string\"}}],\"inLanguage\":\"fr-FR\"},{\"@type\":\"Organization\",\"@id\":\"https:\\\/\\\/www.vinzenzmeier.ch\\\/#organization\",\"name\":\"Vinzenz Meier\",\"url\":\"https:\\\/\\\/www.vinzenzmeier.ch\\\/\",\"logo\":{\"@type\":\"ImageObject\",\"inLanguage\":\"fr-FR\",\"@id\":\"https:\\\/\\\/www.vinzenzmeier.ch\\\/#\\\/schema\\\/logo\\\/image\\\/\",\"url\":\"https:\\\/\\\/www.vinzenzmeier.ch\\\/wp-content\\\/uploads\\\/2021\\\/06\\\/vinzenz_meier_logo.jpg\",\"contentUrl\":\"https:\\\/\\\/www.vinzenzmeier.ch\\\/wp-content\\\/uploads\\\/2021\\\/06\\\/vinzenz_meier_logo.jpg\",\"width\":150,\"height\":150,\"caption\":\"Vinzenz Meier\"},\"image\":{\"@id\":\"https:\\\/\\\/www.vinzenzmeier.ch\\\/#\\\/schema\\\/logo\\\/image\\\/\"}}]}<\/script>\n<!-- \/ Yoast SEO plugin. -->","yoast_head_json":{"title":"Mat\u00e9riel de travail - chez Vinzenz Meier, vous avez tout","description":"Dans cet assortiment, vous trouverez des accessoires pour l'artisanat cr\u00e9atif et des fournitures pour fleuristes.","robots":{"index":"index","follow":"follow","max-snippet":"max-snippet:-1","max-image-preview":"max-image-preview:large","max-video-preview":"max-video-preview:-1"},"canonical":"https:\/\/www.vinzenzmeier.ch\/fr\/assortiment\/materiel-de-travail\/","og_locale":"fr_FR","og_type":"article","og_title":"Mat\u00e9riel de travail - chez Vinzenz Meier, vous avez tout","og_description":"Dans cet assortiment, vous trouverez des accessoires pour l'artisanat cr\u00e9atif et des fournitures pour fleuristes.","og_url":"https:\/\/www.vinzenzmeier.ch\/fr\/assortiment\/materiel-de-travail\/","og_site_name":"Vinzenz Meier","article_modified_time":"2023-03-30T13:19:53+00:00","twitter_card":"summary_large_image","twitter_misc":{"Dur\u00e9e de lecture estim\u00e9e":"1 minute"},"schema":{"@context":"https:\/\/schema.org","@graph":[{"@type":"WebPage","@id":"https:\/\/www.vinzenzmeier.ch\/fr\/assortiment\/materiel-de-travail\/","url":"https:\/\/www.vinzenzmeier.ch\/fr\/assortiment\/materiel-de-travail\/","name":"Mat\u00e9riel de travail - chez Vinzenz Meier, vous avez tout","isPartOf":{"@id":"https:\/\/www.vinzenzmeier.ch\/#website"},"datePublished":"2021-06-27T18:29:45+00:00","dateModified":"2023-03-30T13:19:53+00:00","description":"Dans cet assortiment, vous trouverez des accessoires pour l'artisanat cr\u00e9atif et des fournitures pour fleuristes.","breadcrumb":{"@id":"https:\/\/www.vinzenzmeier.ch\/fr\/assortiment\/materiel-de-travail\/#breadcrumb"},"inLanguage":"fr-FR","potentialAction":[{"@type":"ReadAction","target":["https:\/\/www.vinzenzmeier.ch\/fr\/assortiment\/materiel-de-travail\/"]}]},{"@type":"BreadcrumbList","@id":"https:\/\/www.vinzenzmeier.ch\/fr\/assortiment\/materiel-de-travail\/#breadcrumb","itemListElement":[{"@type":"ListItem","position":1,"name":"Startseite","item":"https:\/\/www.vinzenzmeier.ch\/fr\/"},{"@type":"ListItem","position":2,"name":"Assortiment","item":"https:\/\/www.vinzenzmeier.ch\/fr\/assortiment\/"},{"@type":"ListItem","position":3,"name":"Mat\u00e9riel de travail"}]},{"@type":"WebSite","@id":"https:\/\/www.vinzenzmeier.ch\/#website","url":"https:\/\/www.vinzenzmeier.ch\/","name":"Vinzenz Meier","description":"","publisher":{"@id":"https:\/\/www.vinzenzmeier.ch\/#organization"},"potentialAction":[{"@type":"SearchAction","target":{"@type":"EntryPoint","urlTemplate":"https:\/\/www.vinzenzmeier.ch\/?s={search_term_string}"},"query-input":{"@type":"PropertyValueSpecification","valueRequired":true,"valueName":"search_term_string"}}],"inLanguage":"fr-FR"},{"@type":"Organization","@id":"https:\/\/www.vinzenzmeier.ch\/#organization","name":"Vinzenz Meier","url":"https:\/\/www.vinzenzmeier.ch\/","logo":{"@type":"ImageObject","inLanguage":"fr-FR","@id":"https:\/\/www.vinzenzmeier.ch\/#\/schema\/logo\/image\/","url":"https:\/\/www.vinzenzmeier.ch\/wp-content\/uploads\/2021\/06\/vinzenz_meier_logo.jpg","contentUrl":"https:\/\/www.vinzenzmeier.ch\/wp-content\/uploads\/2021\/06\/vinzenz_meier_logo.jpg","width":150,"height":150,"caption":"Vinzenz Meier"},"image":{"@id":"https:\/\/www.vinzenzmeier.ch\/#\/schema\/logo\/image\/"}}]}},"_links":{"self":[{"href":"https:\/\/www.vinzenzmeier.ch\/fr\/wp-json\/wp\/v2\/pages\/62856","targetHints":{"allow":["GET"]}}],"collection":[{"href":"https:\/\/www.vinzenzmeier.ch\/fr\/wp-json\/wp\/v2\/pages"}],"about":[{"href":"https:\/\/www.vinzenzmeier.ch\/fr\/wp-json\/wp\/v2\/types\/page"}],"author":[{"embeddable":true,"href":"https:\/\/www.vinzenzmeier.ch\/fr\/wp-json\/wp\/v2\/users\/1"}],"replies":[{"embeddable":true,"href":"https:\/\/www.vinzenzmeier.ch\/fr\/wp-json\/wp\/v2\/comments?post=62856"}],"version-history":[{"count":10,"href":"https:\/\/www.vinzenzmeier.ch\/fr\/wp-json\/wp\/v2\/pages\/62856\/revisions"}],"predecessor-version":[{"id":74274,"href":"https:\/\/www.vinzenzmeier.ch\/fr\/wp-json\/wp\/v2\/pages\/62856\/revisions\/74274"}],"up":[{"embeddable":true,"href":"https:\/\/www.vinzenzmeier.ch\/fr\/wp-json\/wp\/v2\/pages\/62851"}],"wp:attachment":[{"href":"https:\/\/www.vinzenzmeier.ch\/fr\/wp-json\/wp\/v2\/media?parent=62856"}],"curies":[{"name":"wp","href":"https:\/\/api.w.org\/{rel}","templated":true}]}}

Matériel de travail

<p>Matériel de travail Matériel de travail et articles lifestyle: chez Vinzenz Meier, tu trouves tout sous un même toit. Composé pour les professionnels, notre assortiment comprend des accessoires pour l’artisanat créatif et les besoins des fleuristes: fils décoratifs et de bobinage, mousse florale de toutes sortes, consommables, emballages décoratifs, matériel auxiliaire utile en de nombreuses…</p>

<!-- This site is optimized with the Yoast SEO plugin v27.3 - https://yoast.com/product/yoast-seo-wordpress/ -->
<title>Matériel de travail - chez Vinzenz Meier, vous avez tout</title>
<meta name="description" content="Dans cet assortiment, vous trouverez des accessoires pour l&#039;artisanat créatif et des fournitures pour fleuristes." />
<meta name="robots" content="index, follow, max-snippet:-1, max-image-preview:large, max-video-preview:-1" />
<link rel="canonical" href="https://www.vinzenzmeier.ch/fr/assortiment/materiel-de-travail/" />
<meta property="og:locale" content="fr_FR" />
<meta property="og:type" content="article" />
<meta property="og:title" content="Matériel de travail - chez Vinzenz Meier, vous avez tout" />
<meta property="og:description" content="Dans cet assortiment, vous trouverez des accessoires pour l&#039;artisanat créatif et des fournitures pour fleuristes." />
<meta property="og:url" content="https://www.vinzenzmeier.ch/fr/assortiment/materiel-de-travail/" />
<meta property="og:site_name" content="Vinzenz Meier" />
<meta property="article:modified_time" content="2023-03-30T13:19:53+00:00" />
<meta name="twitter:card" content="summary_large_image" />
<meta name="twitter:label1" content="Durée de lecture estimée" />
	<meta name="twitter:data1" content="1 minute" />
<script type="application/ld+json" class="yoast-schema-graph">{"@context":"https:\/\/schema.org","@graph":[{"@type":"WebPage","@id":"https:\/\/www.vinzenzmeier.ch\/fr\/assortiment\/materiel-de-travail\/","url":"https:\/\/www.vinzenzmeier.ch\/fr\/assortiment\/materiel-de-travail\/","name":"Matériel de travail - chez Vinzenz Meier, vous avez tout","isPartOf":{"@id":"https:\/\/www.vinzenzmeier.ch\/#website"},"datePublished":"2021-06-27T18:29:45+00:00","dateModified":"2023-03-30T13:19:53+00:00","description":"Dans cet assortiment, vous trouverez des accessoires pour l'artisanat créatif et des fournitures pour fleuristes.","breadcrumb":{"@id":"https:\/\/www.vinzenzmeier.ch\/fr\/assortiment\/materiel-de-travail\/#breadcrumb"},"inLanguage":"fr-FR","potentialAction":[{"@type":"ReadAction","target":["https:\/\/www.vinzenzmeier.ch\/fr\/assortiment\/materiel-de-travail\/"]}]},{"@type":"BreadcrumbList","@id":"https:\/\/www.vinzenzmeier.ch\/fr\/assortiment\/materiel-de-travail\/#breadcrumb","itemListElement":[{"@type":"ListItem","position":1,"name":"Startseite","item":"https:\/\/www.vinzenzmeier.ch\/fr\/"},{"@type":"ListItem","position":2,"name":"Assortiment","item":"https:\/\/www.vinzenzmeier.ch\/fr\/assortiment\/"},{"@type":"ListItem","position":3,"name":"Matériel de travail"}]},{"@type":"WebSite","@id":"https:\/\/www.vinzenzmeier.ch\/#website","url":"https:\/\/www.vinzenzmeier.ch\/","name":"Vinzenz Meier","description":"","publisher":{"@id":"https:\/\/www.vinzenzmeier.ch\/#organization"},"potentialAction":[{"@type":"SearchAction","target":{"@type":"EntryPoint","urlTemplate":"https:\/\/www.vinzenzmeier.ch\/?s={search_term_string}"},"query-input":{"@type":"PropertyValueSpecification","valueRequired":true,"valueName":"search_term_string"}}],"inLanguage":"fr-FR"},{"@type":"Organization","@id":"https:\/\/www.vinzenzmeier.ch\/#organization","name":"Vinzenz Meier","url":"https:\/\/www.vinzenzmeier.ch\/","logo":{"@type":"ImageObject","inLanguage":"fr-FR","@id":"https:\/\/www.vinzenzmeier.ch\/#\/schema\/logo\/image\/","url":"https:\/\/www.vinzenzmeier.ch\/wp-content\/uploads\/2021\/06\/vinzenz_meier_logo.jpg","contentUrl":"https:\/\/www.vinzenzmeier.ch\/wp-content\/uploads\/2021\/06\/vinzenz_meier_logo.jpg","width":150,"height":150,"caption":"Vinzenz Meier"},"image":{"@id":"https:\/\/www.vinzenzmeier.ch\/#\/schema\/logo\/image\/"}}]}</script>
<!-- / Yoast SEO plugin. -->

Matériel de travail - chez Vinzenz Meier, vous avez tout

Dans cet assortiment, vous trouverez des accessoires pour l'artisanat créatif et des fournitures pour fleuristes.
